{"id":23,"date":"2023-08-12T20:13:09","date_gmt":"2023-08-12T18:13:09","guid":{"rendered":"https:\/\/blog.terredepaysages.fr\/?page_id=23"},"modified":"2024-06-14T23:50:49","modified_gmt":"2024-06-14T21:50:49","slug":"accueil","status":"publish","type":"page","link":"https:\/\/blog.terredepaysages.fr\/","title":{"rendered":"Accueil"},"content":{"rendered":"<p>[et_pb_section fb_built=\u00a0\u00bb1&Prime; _builder_version=\u00a0\u00bb4.22.0&Prime; _module_preset=\u00a0\u00bbdefault\u00a0\u00bb custom_padding=\u00a0\u00bb||5px|||\u00a0\u00bb global_colors_info=\u00a0\u00bb{}\u00a0\u00bb][et_pb_row _builder_version=\u00a0\u00bb4.22.0&Prime; _module_preset=\u00a0\u00bbdefault\u00a0\u00bb global_colors_info=\u00a0\u00bb{}\u00a0\u00bb][et_pb_column type=\u00a0\u00bb4_4&Prime; _builder_version=\u00a0\u00bb4.22.0&Prime; _module_preset=\u00a0\u00bbdefault\u00a0\u00bb global_colors_info=\u00a0\u00bb{}\u00a0\u00bb][et_pb_post_title meta=\u00a0\u00bboff\u00a0\u00bb featured_image=\u00a0\u00bboff\u00a0\u00bb _builder_version=\u00a0\u00bb4.22.0&Prime; _module_preset=\u00a0\u00bbdefault\u00a0\u00bb global_colors_info=\u00a0\u00bb{}\u00a0\u00bb][\/et_pb_post_title][\/et_pb_column][\/et_pb_row][et_pb_row _builder_version=\u00a0\u00bb4.22.0&Prime; _module_preset=\u00a0\u00bbdefault\u00a0\u00bb custom_margin=\u00a0\u00bb0px||0px||false|false\u00a0\u00bb custom_padding=\u00a0\u00bb0px||0px||false|false\u00a0\u00bb global_colors_info=\u00a0\u00bb{}\u00a0\u00bb][et_pb_column type=\u00a0\u00bb4_4&Prime; _builder_version=\u00a0\u00bb4.22.0&Prime; _module_preset=\u00a0\u00bbdefault\u00a0\u00bb global_colors_info=\u00a0\u00bb{}\u00a0\u00bb][et_pb_text _builder_version=\u00a0\u00bb4.25.2&Prime; _module_preset=\u00a0\u00bbdefault\u00a0\u00bb hover_enabled=\u00a0\u00bb0&Prime; global_colors_info=\u00a0\u00bb{}\u00a0\u00bb sticky_enabled=\u00a0\u00bb0&Prime;]<\/p>\n<p>Bienvenue sur notre blog pr\u00e9sentant notre nouvelle aventure familiale : une ann\u00e9e \u00e0 v\u00e9lo entre Terre de Feu et Bolivie. Apr\u00e8s 4 ann\u00e9es \u00e0 v\u00e9lo et en rando <a href=\"http:\/\/terredepaysages.com\/\">autour du monde (2008-2012)<\/a>, nous voici repartis \u00e0 4 !<\/p>\n<p>Vous pouvez \u00e9galement nous suivre sur Instagram : <a href=\"https:\/\/www.instagram.com\/terre_de_paysages\/\" target=\"_blank\" rel=\"noopener\">terre_de_paysages<\/a><\/p>\n<p>[\/et_pb_text][\/et_pb_column][\/et_pb_row][\/et_pb_section][et_pb_section fb_built=\u00a0\u00bb1&Prime; _builder_version=\u00a0\u00bb4.22.0&Prime; _module_preset=\u00a0\u00bbdefault\u00a0\u00bb min_height=\u00a0\u00bb200px\u00a0\u00bb custom_padding=\u00a0\u00bb37px|||||\u00a0\u00bb global_colors_info=\u00a0\u00bb{}\u00a0\u00bb][et_pb_row _builder_version=\u00a0\u00bb4.22.0&Prime; _module_preset=\u00a0\u00bbdefault\u00a0\u00bb global_colors_info=\u00a0\u00bb{}\u00a0\u00bb][et_pb_column type=\u00a0\u00bb4_4&Prime; _builder_version=\u00a0\u00bb4.22.0&Prime; _module_preset=\u00a0\u00bbdefault\u00a0\u00bb global_colors_info=\u00a0\u00bb{}\u00a0\u00bb][et_pb_text _builder_version=\u00a0\u00bb4.22.0&Prime; _module_preset=\u00a0\u00bbdefault\u00a0\u00bb global_colors_info=\u00a0\u00bb{}\u00a0\u00bb]<\/p>\n<h1>Actualit\u00e9<\/h1>\n<p>[\/et_pb_text][\/et_pb_column][\/et_pb_row][et_pb_row _builder_version=\u00a0\u00bb4.22.0&Prime; _module_preset=\u00a0\u00bbdefault\u00a0\u00bb global_colors_info=\u00a0\u00bb{}\u00a0\u00bb][et_pb_column type=\u00a0\u00bb4_4&Prime; _builder_version=\u00a0\u00bb4.21.0&Prime; _module_preset=\u00a0\u00bbdefault\u00a0\u00bb global_colors_info=\u00a0\u00bb{}\u00a0\u00bb][et_pb_post_slider posts_number=\u00a0\u00bb1&Prime; show_meta=\u00a0\u00bboff\u00a0\u00bb _builder_version=\u00a0\u00bb4.22.0&Prime; _module_preset=\u00a0\u00bb2dd46b70-3203-4329-beea-bf232fadfddd\u00a0\u00bb header_font=\u00a0\u00bb|500|||||||\u00a0\u00bb background_image=\u00a0\u00bbhttps:\/\/blog.terredepaysages.fr\/wp-content\/uploads\/2023\/08\/wireframe-square-1200.jpg\u00a0\u00bb locked=\u00a0\u00bboff\u00a0\u00bb global_colors_info=\u00a0\u00bb{%22gcid-4a53c4f2-10a4-4df5-aae5-66892dee9e02%22:%91%22button_text_color%22%93}\u00a0\u00bb][\/et_pb_post_slider][\/et_pb_column][\/et_pb_row][et_pb_row _builder_version=\u00a0\u00bb4.22.0&Prime; _module_preset=\u00a0\u00bbdefault\u00a0\u00bb global_colors_info=\u00a0\u00bb{}\u00a0\u00bb][et_pb_column type=\u00a0\u00bb4_4&Prime; _builder_version=\u00a0\u00bb4.22.0&Prime; _module_preset=\u00a0\u00bbdefault\u00a0\u00bb global_colors_info=\u00a0\u00bb{}\u00a0\u00bb][et_pb_blog fullwidth=\u00a0\u00bboff\u00a0\u00bb posts_number=\u00a0\u00bb6&Prime; include_categories=\u00a0\u00bball\u00a0\u00bb meta_date=\u00a0\u00bbj M Y\u00a0\u00bb show_author=\u00a0\u00bboff\u00a0\u00bb show_pagination=\u00a0\u00bboff\u00a0\u00bb _builder_version=\u00a0\u00bb4.22.0&Prime; _module_preset=\u00a0\u00bbdefault\u00a0\u00bb border_color_all=\u00a0\u00bbRGBA(255,255,255,0)\u00a0\u00bb global_colors_info=\u00a0\u00bb{}\u00a0\u00bb][\/et_pb_blog][\/et_pb_column][\/et_pb_row][\/et_pb_section]<\/p>\n","protected":false},"excerpt":{"rendered":"<p>Un an \u00e0 v\u00e9lo en famille de la Patagonie \u00e0 la Bolivie <\/p>\n","protected":false},"author":1,"featured_media":7,"parent":0,"menu_order":0,"comment_status":"closed","ping_status":"closed","template":"","meta":{"_et_pb_use_builder":"on","_et_pb_old_content":"","_et_gb_content_width":"","footnotes":""},"class_list":["post-23","page","type-page","status-publish","has-post-thumbnail","hentry"],"yoast_head":"<!-- This site is optimized with the Yoast SEO plugin v26.4 - https:\/\/yoast.com\/wordpress\/plugins\/seo\/ -->\n<title>Accueil - Terre de Paysages<\/title>\n<meta name=\"robots\" content=\"index, follow, max-snippet:-1, max-image-preview:large, max-video-preview:-1\" \/>\n<link rel=\"canonical\" href=\"https:\/\/blog.terredepaysages.fr\/\" \/>\n<meta property=\"og:locale\" content=\"fr_FR\" \/>\n<meta property=\"og:type\" content=\"article\" \/>\n<meta property=\"og:title\" content=\"Accueil - Terre de Paysages\" \/>\n<meta property=\"og:description\" content=\"Un an \u00e0 v\u00e9lo en famille de la Patagonie \u00e0 la Bolivie\" \/>\n<meta property=\"og:url\" content=\"https:\/\/blog.terredepaysages.fr\/\" \/>\n<meta property=\"og:site_name\" content=\"Terre de Paysages\" \/>\n<meta property=\"article:modified_time\" content=\"2024-06-14T21:50:49+00:00\" \/>\n<meta property=\"og:image\" content=\"https:\/\/blog.terredepaysages.fr\/wp-content\/uploads\/2023\/08\/1-Perou-31-carre.jpg\" \/>\n\t<meta property=\"og:image:width\" content=\"760\" \/>\n\t<meta property=\"og:image:height\" content=\"760\" \/>\n\t<meta property=\"og:image:type\" content=\"image\/jpeg\" \/>\n<meta name=\"twitter:card\" content=\"summary_large_image\" \/>\n<meta name=\"twitter:label1\" content=\"Dur\u00e9e de lecture estim\u00e9e\" \/>\n\t<meta name=\"twitter:data1\" content=\"2 minutes\" \/>\n<script type=\"application\/ld+json\" class=\"yoast-schema-graph\">{\"@context\":\"https:\/\/schema.org\",\"@graph\":[{\"@type\":\"WebPage\",\"@id\":\"https:\/\/blog.terredepaysages.fr\/\",\"url\":\"https:\/\/blog.terredepaysages.fr\/\",\"name\":\"Accueil - Terre de Paysages\",\"isPartOf\":{\"@id\":\"https:\/\/blog.terredepaysages.fr\/#website\"},\"primaryImageOfPage\":{\"@id\":\"https:\/\/blog.terredepaysages.fr\/#primaryimage\"},\"image\":{\"@id\":\"https:\/\/blog.terredepaysages.fr\/#primaryimage\"},\"thumbnailUrl\":\"https:\/\/blog.terredepaysages.fr\/wp-content\/uploads\/2023\/08\/1-Perou-31-carre.jpg\",\"datePublished\":\"2023-08-12T18:13:09+00:00\",\"dateModified\":\"2024-06-14T21:50:49+00:00\",\"breadcrumb\":{\"@id\":\"https:\/\/blog.terredepaysages.fr\/#breadcrumb\"},\"inLanguage\":\"fr-FR\",\"potentialAction\":[{\"@type\":\"ReadAction\",\"target\":[\"https:\/\/blog.terredepaysages.fr\/\"]}]},{\"@type\":\"ImageObject\",\"inLanguage\":\"fr-FR\",\"@id\":\"https:\/\/blog.terredepaysages.fr\/#primaryimage\",\"url\":\"https:\/\/blog.terredepaysages.fr\/wp-content\/uploads\/2023\/08\/1-Perou-31-carre.jpg\",\"contentUrl\":\"https:\/\/blog.terredepaysages.fr\/wp-content\/uploads\/2023\/08\/1-Perou-31-carre.jpg\",\"width\":760,\"height\":760,\"caption\":\"P\u00e9rou\"},{\"@type\":\"BreadcrumbList\",\"@id\":\"https:\/\/blog.terredepaysages.fr\/#breadcrumb\",\"itemListElement\":[{\"@type\":\"ListItem\",\"position\":1,\"name\":\"Accueil\",\"item\":\"https:\/\/blog.terredepaysages.fr\/\"},{\"@type\":\"ListItem\",\"position\":2,\"name\":\"Accueil\"}]},{\"@type\":\"WebSite\",\"@id\":\"https:\/\/blog.terredepaysages.fr\/#website\",\"url\":\"https:\/\/blog.terredepaysages.fr\/\",\"name\":\"Terre de Paysages\",\"description\":\"Un an \u00e0 v\u00e9lo en famille de la Patagonie \u00e0 la Bolivie\",\"publisher\":{\"@id\":\"https:\/\/blog.terredepaysages.fr\/#organization\"},\"potentialAction\":[{\"@type\":\"SearchAction\",\"target\":{\"@type\":\"EntryPoint\",\"urlTemplate\":\"https:\/\/blog.terredepaysages.fr\/?s={search_term_string}\"},\"query-input\":{\"@type\":\"PropertyValueSpecification\",\"valueRequired\":true,\"valueName\":\"search_term_string\"}}],\"inLanguage\":\"fr-FR\"},{\"@type\":\"Organization\",\"@id\":\"https:\/\/blog.terredepaysages.fr\/#organization\",\"name\":\"Terre de Paysages\",\"url\":\"https:\/\/blog.terredepaysages.fr\/\",\"logo\":{\"@type\":\"ImageObject\",\"inLanguage\":\"fr-FR\",\"@id\":\"https:\/\/blog.terredepaysages.fr\/#\/schema\/logo\/image\/\",\"url\":\"https:\/\/blog.terredepaysages.fr\/wp-content\/uploads\/2023\/08\/1-Perou-31-carre.jpg\",\"contentUrl\":\"https:\/\/blog.terredepaysages.fr\/wp-content\/uploads\/2023\/08\/1-Perou-31-carre.jpg\",\"width\":760,\"height\":760,\"caption\":\"Terre de Paysages\"},\"image\":{\"@id\":\"https:\/\/blog.terredepaysages.fr\/#\/schema\/logo\/image\/\"}}]}<\/script>\n<!-- \/ Yoast SEO plugin. -->","yoast_head_json":{"title":"Accueil - Terre de Paysages","robots":{"index":"index","follow":"follow","max-snippet":"max-snippet:-1","max-image-preview":"max-image-preview:large","max-video-preview":"max-video-preview:-1"},"canonical":"https:\/\/blog.terredepaysages.fr\/","og_locale":"fr_FR","og_type":"article","og_title":"Accueil - Terre de Paysages","og_description":"Un an \u00e0 v\u00e9lo en famille de la Patagonie \u00e0 la Bolivie","og_url":"https:\/\/blog.terredepaysages.fr\/","og_site_name":"Terre de Paysages","article_modified_time":"2024-06-14T21:50:49+00:00","og_image":[{"width":760,"height":760,"url":"https:\/\/blog.terredepaysages.fr\/wp-content\/uploads\/2023\/08\/1-Perou-31-carre.jpg","type":"image\/jpeg"}],"twitter_card":"summary_large_image","twitter_misc":{"Dur\u00e9e de lecture estim\u00e9e":"2 minutes"},"schema":{"@context":"https:\/\/schema.org","@graph":[{"@type":"WebPage","@id":"https:\/\/blog.terredepaysages.fr\/","url":"https:\/\/blog.terredepaysages.fr\/","name":"Accueil - Terre de Paysages","isPartOf":{"@id":"https:\/\/blog.terredepaysages.fr\/#website"},"primaryImageOfPage":{"@id":"https:\/\/blog.terredepaysages.fr\/#primaryimage"},"image":{"@id":"https:\/\/blog.terredepaysages.fr\/#primaryimage"},"thumbnailUrl":"https:\/\/blog.terredepaysages.fr\/wp-content\/uploads\/2023\/08\/1-Perou-31-carre.jpg","datePublished":"2023-08-12T18:13:09+00:00","dateModified":"2024-06-14T21:50:49+00:00","breadcrumb":{"@id":"https:\/\/blog.terredepaysages.fr\/#breadcrumb"},"inLanguage":"fr-FR","potentialAction":[{"@type":"ReadAction","target":["https:\/\/blog.terredepaysages.fr\/"]}]},{"@type":"ImageObject","inLanguage":"fr-FR","@id":"https:\/\/blog.terredepaysages.fr\/#primaryimage","url":"https:\/\/blog.terredepaysages.fr\/wp-content\/uploads\/2023\/08\/1-Perou-31-carre.jpg","contentUrl":"https:\/\/blog.terredepaysages.fr\/wp-content\/uploads\/2023\/08\/1-Perou-31-carre.jpg","width":760,"height":760,"caption":"P\u00e9rou"},{"@type":"BreadcrumbList","@id":"https:\/\/blog.terredepaysages.fr\/#breadcrumb","itemListElement":[{"@type":"ListItem","position":1,"name":"Accueil","item":"https:\/\/blog.terredepaysages.fr\/"},{"@type":"ListItem","position":2,"name":"Accueil"}]},{"@type":"WebSite","@id":"https:\/\/blog.terredepaysages.fr\/#website","url":"https:\/\/blog.terredepaysages.fr\/","name":"Terre de Paysages","description":"Un an \u00e0 v\u00e9lo en famille de la Patagonie \u00e0 la Bolivie","publisher":{"@id":"https:\/\/blog.terredepaysages.fr\/#organization"},"potentialAction":[{"@type":"SearchAction","target":{"@type":"EntryPoint","urlTemplate":"https:\/\/blog.terredepaysages.fr\/?s={search_term_string}"},"query-input":{"@type":"PropertyValueSpecification","valueRequired":true,"valueName":"search_term_string"}}],"inLanguage":"fr-FR"},{"@type":"Organization","@id":"https:\/\/blog.terredepaysages.fr\/#organization","name":"Terre de Paysages","url":"https:\/\/blog.terredepaysages.fr\/","logo":{"@type":"ImageObject","inLanguage":"fr-FR","@id":"https:\/\/blog.terredepaysages.fr\/#\/schema\/logo\/image\/","url":"https:\/\/blog.terredepaysages.fr\/wp-content\/uploads\/2023\/08\/1-Perou-31-carre.jpg","contentUrl":"https:\/\/blog.terredepaysages.fr\/wp-content\/uploads\/2023\/08\/1-Perou-31-carre.jpg","width":760,"height":760,"caption":"Terre de Paysages"},"image":{"@id":"https:\/\/blog.terredepaysages.fr\/#\/schema\/logo\/image\/"}}]}},"_links":{"self":[{"href":"https:\/\/blog.terredepaysages.fr\/index.php\/wp-json\/wp\/v2\/pages\/23","targetHints":{"allow":["GET"]}}],"collection":[{"href":"https:\/\/blog.terredepaysages.fr\/index.php\/wp-json\/wp\/v2\/pages"}],"about":[{"href":"https:\/\/blog.terredepaysages.fr\/index.php\/wp-json\/wp\/v2\/types\/page"}],"author":[{"embeddable":true,"href":"https:\/\/blog.terredepaysages.fr\/index.php\/wp-json\/wp\/v2\/users\/1"}],"replies":[{"embeddable":true,"href":"https:\/\/blog.terredepaysages.fr\/index.php\/wp-json\/wp\/v2\/comments?post=23"}],"version-history":[{"count":0,"href":"https:\/\/blog.terredepaysages.fr\/index.php\/wp-json\/wp\/v2\/pages\/23\/revisions"}],"wp:featuredmedia":[{"embeddable":true,"href":"https:\/\/blog.terredepaysages.fr\/index.php\/wp-json\/wp\/v2\/media\/7"}],"wp:attachment":[{"href":"https:\/\/blog.terredepaysages.fr\/index.php\/wp-json\/wp\/v2\/media?parent=23"}],"curies":[{"name":"wp","href":"https:\/\/api.w.org\/{rel}","templated":true}]}}